{"id":66,"date":"2024-03-29T16:24:23","date_gmt":"2024-03-29T15:24:23","guid":{"rendered":"https:\/\/oselesouffle.com\/?page_id=66"},"modified":"2024-09-25T13:42:48","modified_gmt":"2024-09-25T11:42:48","slug":"faire-connaissance","status":"publish","type":"page","link":"https:\/\/oselesouffle.com\/index.php\/faire-connaissance\/","title":{"rendered":"Faire connaissance"},"content":{"rendered":"\t\t<div data-elementor-type=\"wp-page\" data-elementor-id=\"66\" class=\"elementor elementor-66\">\n\t\t\t\t<div class=\"elementor-element elementor-element-d40a1c3 e-flex e-con-boxed e-con e-parent\" data-id=\"d40a1c3\" data-element_type=\"container\">\n\t\t\t\t\t<div class=\"e-con-inner\">\n\t\t<div class=\"elementor-element elementor-element-fdbfca9 e-con-full e-flex e-con e-child\" data-id=\"fdbfca9\" data-element_type=\"container\">\n\t\t\t\t<div class=\"elementor-element elementor-element-34dc03f elementor-widget elementor-widget-image\" data-id=\"34dc03f\" data-element_type=\"widget\" data-widget_type=\"image.default\">\n\t\t\t\t<div class=\"elementor-widget-container\">\n\t\t\t\t\t\t\t\t\t\t\t\t\t<img decoding=\"async\" src=\"https:\/\/oselesouffle.com\/wp-content\/uploads\/elementor\/thumbs\/Sofia_Boitel-qlxn4jpbsjw9lmo4v1ajmpfitntpro5k96ugmbar3m.jpg\" title=\"Sofia_Boitel\" alt=\"\" loading=\"lazy\" \/>\t\t\t\t\t\t\t\t\t\t\t\t\t<\/div>\n\t\t\t\t<\/div>\n\t\t\t\t<\/div>\n\t\t<div class=\"elementor-element elementor-element-59d42fc e-con-full e-flex e-con e-child\" data-id=\"59d42fc\" data-element_type=\"container\">\n\t\t\t\t<div class=\"elementor-element elementor-element-31436d1 elementor-widget elementor-widget-text-editor\" data-id=\"31436d1\" data-element_type=\"widget\" data-widget_type=\"text-editor.default\">\n\t\t\t\t<div class=\"elementor-widget-container\">\n\t\t\t\t\t\t\t<p>\u00a0<\/p><p style=\"text-align: left;\"><span style=\"font-size: 14px;\"><span class=\"TextRun SCXW222553774 BCX4\" lang=\"FR-FR\" xml:lang=\"FR-FR\" data-contrast=\"auto\"><span class=\"NormalTextRun SCXW222553774 BCX4\">\u00ab\u202f<em>C&#8217;est impossible, dit la Fiert\u00e9,<br \/>C&#8217;est risqu\u00e9, dit l&#8217;Exp\u00e9rience,<br \/>C&#8217;est sans issue, dit la Raison,<br \/>Essayons, murmure le Coeur<\/em>\u202f\u00bb<\/span><\/span><span class=\"EOP SCXW222553774 BCX4\" data-ccp-props=\"{&quot;201341983&quot;:0,&quot;335551550&quot;:2,&quot;335551620&quot;:2,&quot;335559685&quot;:720,&quot;335559740&quot;:259}\">\u00a0<\/span> <\/span><br \/><span style=\"font-size: 14px;\">William Arthur Ward<\/span><\/p>\t\t\t\t\t\t<\/div>\n\t\t\t\t<\/div>\n\t\t\t\t<\/div>\n\t\t\t\t\t<\/div>\n\t\t\t\t<\/div>\n\t\t<div class=\"elementor-element elementor-element-477b8f4 e-flex e-con-boxed e-con e-parent\" data-id=\"477b8f4\" data-element_type=\"container\">\n\t\t\t\t\t<div class=\"e-con-inner\">\n\t\t\t\t<div class=\"elementor-element elementor-element-8ff0619 elementor-widget elementor-widget-text-editor\" data-id=\"8ff0619\" data-element_type=\"widget\" data-widget_type=\"text-editor.default\">\n\t\t\t\t<div class=\"elementor-widget-container\">\n\t\t\t\t\t\t\t<p style=\"font-weight: 400;\"><span style=\"color: #000000; font-size: 14px;\">Intrigu\u00e9e et passionn\u00e9e depuis toujours par la vastitude des champs de conscience, je me suis engag\u00e9e sur la voie de la qu\u00eate de sens, la conqu\u00eate du corps et la rencontre de ce qui l\u2019anime.<\/span><\/p><p style=\"font-weight: 400;\"><span style=\"color: #000000; font-size: 14px;\">A l\u2019\u00e9poque o\u00f9 la sophrologie \u00e9tait un ovni en France, dans les ann\u00e9es 90, mon parcours personnel m\u2019a amen\u00e9 tr\u00e8s jeune, \u00e0 entreprendre une formation de trois ans \u00e0 la facult\u00e9 Europ\u00e9enne de Sophrologie de Paris.<\/span><\/p><p style=\"font-weight: 400;\"><span style=\"color: #000000; font-size: 14px;\">Fauch\u00e9e dans mon \u00e9lan quelques ann\u00e9es plus tard dans un accident de voiture particuli\u00e8rement grave, je me suis orient\u00e9e vers un parcours professionnel plus acad\u00e9mique tout en continuant d\u2019explorer les diff\u00e9rentes facettes de l\u2019alchimiste qui vit en moi. Rattrap\u00e9e il y a une dizaine d\u2019ann\u00e9es, en pleine remise en question sur mes d\u00e9sirs et mes choix de vie professionnels, j\u2019ai d\u00e9cid\u00e9 de chevaucher la route initi\u00e9e dans ma jeunesse, m\u00eame si je ne l\u2019avais jamais quitt\u00e9, juste emprunt\u00e9 des chemins de traverses.<\/span><\/p><p style=\"font-weight: 400;\"><span style=\"color: #000000; font-size: 14px;\">Force est de constater que cette envie d\u2019aider, de soutenir, de prendre soin, cette flamme qui m\u2019anime toujours, \u00e9tait en manque d\u2019\u00e9panouissement et de nourriture personnelle. J\u2019ai repris alors, la route des \u00e9tudes, je me suis reform\u00e9e \u00e0 la Sophrologie ainsi qu\u2019\u00e0 la Relaxation Evolutive Transpersonnelle, j\u2019ai obtenu le titre RNCP de Sophrologue (R\u00e9pertoire national des certifications professionnelles), ce certificat atteste officiellement du niveau et de la qualit\u00e9 de l\u2019enseignement re\u00e7u.<\/span><\/p><p style=\"font-weight: 400;\"><span style=\"color: #000000; font-size: 14px;\">Passionn\u00e9e par ces enrichissements et ces supports qui m\u2019ouvrent sur une dimension transpersonnelle, holistique et humaniste, j\u2019ai continu\u00e9 \u00e0 me former tout en d\u00e9veloppant mes comp\u00e9tences sur des sp\u00e9cialit\u00e9s telles que la somatoth\u00e9rapie, le g\u00e9nosociogramme, la m\u00e9thode Ress\u00e9guier\u00a0: R.E.I., la coh\u00e9rence cardiaque, le massage intuitif, le toucher relaxant, le breathwork \u2013 rebirth (travail du souffle), le massage b\u00e9b\u00e9 et l\u2019accompagnement \u00e0 la parentalit\u00e9.<\/span><\/p><p style=\"font-weight: 400;\"><span style=\"color: #000000; font-size: 14px;\">Je suis toujours en formation continue pour approfondir mes connaissances et encore mieux les dispenser aupr\u00e8s des adultes, enfants et adolescents.<\/span><\/p><p style=\"font-weight: 400;\"><span style=\"color: #000000; font-size: 14px;\">Je suis \u00e9galement en supervision pour encore mieux vous accompagner sur ce chemin de la d\u00e9couverte, de la connaissance de soi, du mieux-\u00eatre, qui est le c\u0153ur de mon m\u00e9tier de praticienne en th\u00e9rapie psychocorporelle. C\u2019est un espace th\u00e9rapeutique fondamental pour tout praticien qui accompagne en conscience.<\/span><\/p><p style=\"font-weight: 400;\"><span style=\"color: #000000; font-size: 14px;\">Les formations ne sont pas tout, n\u00e9anmoins, elles assurent l\u2019enseignement de comp\u00e9tences et sont une partie du socle sur lequel peut reposer la cr\u00e9ativit\u00e9, la confiance, la joie, la libert\u00e9 de recevoir et de transmettre.<\/span><\/p><p style=\"font-weight: 400;\"><span style=\"color: #000000; font-size: 14px;\">A l\u2019\u00e9poque o\u00f9 nos m\u00e9tiers de th\u00e9rapeute de la relation et du lien sont quelque peu galvaud\u00e9s, il me semble important de pouvoir justifier d\u2019un enseignement de qualit\u00e9 et de profondeur.<\/span><\/p><p style=\"font-weight: 400;\"><span style=\"color: #000000; font-size: 14px;\">Les \u00e9coles et institutions qui m\u2019ont form\u00e9es et dans lesquelles je puise mon \u00e9ventail de pratiques, sont issues d\u2019un mouvement transpersonnel, holistique et humaniste, elles enseignent la valeur de l\u2019Etre dans toutes ses dimensions.<br \/><em>Facult\u00e9 Europ\u00e9enne de Sophrologie du Docteur Jean-Pierre Hubert<\/em><br \/><em>Contes et Alchimie par Aude Zeller<\/em><br \/><em>Isthme Formations <a style=\"color: #75bcfc;\" href=\"https:\/\/www.relaxation-transpersonnelle.com\/\">(relaxation-transpersonnelle.com)<\/a><\/em><br \/><em>R\u00e9habilitation Energ\u00e9tique Int\u00e9gr\u00e9e, m\u00e9thode de JP Ress\u00e9guier par Muriel Deschamps <a style=\"color: #75bcfc;\" href=\"https:\/\/corpssensible.fr\/\">(corpssensible.fr)<\/a><\/em><br \/><em>Coh\u00e9rence Cardiaque par Guy Lacroix <a style=\"color: #75bcfc;\" href=\"https:\/\/www.coherence-cardiaque.com\/\">(coherence-cardiaque.com)<\/a><\/em><br \/><em>Massages Intuitifs adultes et b\u00e9b\u00e9s, Accompagnement \u00e0 la parentalit\u00e9, par B\u00e9reng\u00e8re Simoens<\/em><\/span><\/p>\t\t\t\t\t\t<\/div>\n\t\t\t\t<\/div>\n\t\t\t\t\t<\/div>\n\t\t\t\t<\/div>\n\t\t\t\t<\/div>\n\t\t","protected":false},"excerpt":{"rendered":"<p>\u00a0 \u00ab\u202fC&#8217;est impossible, dit la Fiert\u00e9,C&#8217;est risqu\u00e9, dit l&#8217;Exp\u00e9rience,C&#8217;est sans issue, dit la Raison,Essayons, murmure le Coeur\u202f\u00bb\u00a0 William Arthur Ward [&hellip;]<\/p>\n","protected":false},"author":1,"featured_media":0,"parent":0,"menu_order":0,"comment_status":"closed","ping_status":"closed","template":"","meta":{"site-sidebar-layout":"no-sidebar","site-content-layout":"","ast-site-content-layout":"full-width-container","site-content-style":"default","site-sidebar-style":"default","ast-global-header-display":"","ast-banner-title-visibility":"","ast-main-header-display":"","ast-hfb-above-header-display":"","ast-hfb-below-header-display":"","ast-hfb-mobile-header-display":"","site-post-title":"disabled","ast-breadcrumbs-content":"","ast-featured-img":"disabled","footer-sml-layout":"","theme-transparent-header-meta":"","adv-header-id-meta":"","stick-header-meta":"","header-above-stick-meta":"","header-main-stick-meta":"","header-below-stick-meta":"","astra-migrate-meta-layouts":"default","ast-page-background-enabled":"default","ast-page-background-meta":{"desktop":{"background-color":"var(--ast-global-color-4)","background-image":"","background-repeat":"repeat","background-position":"center center","background-size":"auto","background-attachment":"scroll","background-type":"","background-media":"","overlay-type":"","overlay-color":"","overlay-opacity":"","overlay-gradient":""},"tablet":{"background-color":"","background-image":"","background-repeat":"repeat","background-position":"center center","background-size":"auto","background-attachment":"scroll","background-type":"","background-media":"","overlay-type":"","overlay-color":"","overlay-opacity":"","overlay-gradient":""},"mobile":{"background-color":"","background-image":"","background-repeat":"repeat","background-position":"center center","background-size":"auto","background-attachment":"scroll","background-type":"","background-media":"","overlay-type":"","overlay-color":"","overlay-opacity":"","overlay-gradient":""}},"ast-content-background-meta":{"desktop":{"background-color":"var(--ast-global-color-5)","background-image":"","background-repeat":"repeat","background-position":"center center","background-size":"auto","background-attachment":"scroll","background-type":"","background-media":"","overlay-type":"","overlay-color":"","overlay-opacity":"","overlay-gradient":""},"tablet":{"background-color":"var(--ast-global-color-5)","background-image":"","background-repeat":"repeat","background-position":"center center","background-size":"auto","background-attachment":"scroll","background-type":"","background-media":"","overlay-type":"","overlay-color":"","overlay-opacity":"","overlay-gradient":""},"mobile":{"background-color":"var(--ast-global-color-5)","background-image":"","background-repeat":"repeat","background-position":"center center","background-size":"auto","background-attachment":"scroll","background-type":"","background-media":"","overlay-type":"","overlay-color":"","overlay-opacity":"","overlay-gradient":""}},"footnotes":""},"class_list":["post-66","page","type-page","status-publish","hentry"],"_links":{"self":[{"href":"https:\/\/oselesouffle.com\/index.php\/wp-json\/wp\/v2\/pages\/66","targetHints":{"allow":["GET"]}}],"collection":[{"href":"https:\/\/oselesouffle.com\/index.php\/wp-json\/wp\/v2\/pages"}],"about":[{"href":"https:\/\/oselesouffle.com\/index.php\/wp-json\/wp\/v2\/types\/page"}],"author":[{"embeddable":true,"href":"https:\/\/oselesouffle.com\/index.php\/wp-json\/wp\/v2\/users\/1"}],"replies":[{"embeddable":true,"href":"https:\/\/oselesouffle.com\/index.php\/wp-json\/wp\/v2\/comments?post=66"}],"version-history":[{"count":32,"href":"https:\/\/oselesouffle.com\/index.php\/wp-json\/wp\/v2\/pages\/66\/revisions"}],"predecessor-version":[{"id":406,"href":"https:\/\/oselesouffle.com\/index.php\/wp-json\/wp\/v2\/pages\/66\/revisions\/406"}],"wp:attachment":[{"href":"https:\/\/oselesouffle.com\/index.php\/wp-json\/wp\/v2\/media?parent=66"}],"curies":[{"name":"wp","href":"https:\/\/api.w.org\/{rel}","templated":true}]}}