{"id":182,"date":"2024-03-29T18:36:38","date_gmt":"2024-03-29T17:36:38","guid":{"rendered":"https:\/\/oselesouffle.com\/?page_id=182"},"modified":"2024-09-18T18:38:29","modified_gmt":"2024-09-18T16:38:29","slug":"outils","status":"publish","type":"page","link":"https:\/\/oselesouffle.com\/index.php\/outils\/","title":{"rendered":"Th\u00e9rapies"},"content":{"rendered":"\t\t<div data-elementor-type=\"wp-page\" data-elementor-id=\"182\" class=\"elementor elementor-182\">\n\t\t\t\t<div class=\"elementor-element elementor-element-aa3c6a6 e-flex e-con-boxed e-con e-parent\" data-id=\"aa3c6a6\" data-element_type=\"container\">\n\t\t\t\t\t<div class=\"e-con-inner\">\n\t\t\t\t<div class=\"elementor-element elementor-element-da2f92c elementor-widget elementor-widget-heading\" data-id=\"da2f92c\" data-element_type=\"widget\" data-widget_type=\"heading.default\">\n\t\t\t\t<div class=\"elementor-widget-container\">\n\t\t\t<h2 class=\"elementor-heading-title elementor-size-default\">Th\u00e9rapie<\/h2>\t\t<\/div>\n\t\t\t\t<\/div>\n\t\t\t\t\t<\/div>\n\t\t\t\t<\/div>\n\t\t<div class=\"elementor-element elementor-element-d8dbf8f e-flex e-con-boxed e-con e-parent\" data-id=\"d8dbf8f\" data-element_type=\"container\">\n\t\t\t\t\t<div class=\"e-con-inner\">\n\t\t<div class=\"elementor-element elementor-element-42827cb e-con-full e-flex e-con e-child\" data-id=\"42827cb\" data-element_type=\"container\">\n\t\t\t\t<div class=\"elementor-element elementor-element-34dc03f elementor-widget elementor-widget-image\" data-id=\"34dc03f\" data-element_type=\"widget\" data-widget_type=\"image.default\">\n\t\t\t\t<div class=\"elementor-widget-container\">\n\t\t\t\t\t\t\t\t\t\t\t\t\t<img fetchpriority=\"high\" decoding=\"async\" width=\"300\" height=\"296\" src=\"https:\/\/oselesouffle.com\/wp-content\/uploads\/2024\/03\/FB_IMG_1453930800779-300x296.jpg\" class=\"attachment-medium size-medium wp-image-187\" alt=\"\" srcset=\"https:\/\/oselesouffle.com\/wp-content\/uploads\/2024\/03\/FB_IMG_1453930800779-300x296.jpg 300w, https:\/\/oselesouffle.com\/wp-content\/uploads\/2024\/03\/FB_IMG_1453930800779-768x757.jpg 768w, https:\/\/oselesouffle.com\/wp-content\/uploads\/2024\/03\/FB_IMG_1453930800779.jpg 960w\" sizes=\"(max-width: 300px) 100vw, 300px\" \/>\t\t\t\t\t\t\t\t\t\t\t\t\t<\/div>\n\t\t\t\t<\/div>\n\t\t\t\t<div class=\"elementor-element elementor-element-03a8289 elementor-widget elementor-widget-text-editor\" data-id=\"03a8289\" data-element_type=\"widget\" data-widget_type=\"text-editor.default\">\n\t\t\t\t<div class=\"elementor-widget-container\">\n\t\t\t\t\t\t\t<p style=\"text-align: center;\"><span style=\"font-size: 14px;\"><span class=\"TextRun SCXW222553774 BCX4\" lang=\"FR-FR\" xml:lang=\"FR-FR\" data-contrast=\"auto\"><span class=\"NormalTextRun SCXW222553774 BCX4\">\u00ab\u202f<em>La cr\u00e9ativit\u00e9, c\u2019est l\u2019intelligence qui s\u2019amuse<\/em>\u202f\u00bb<\/span><\/span><span class=\"EOP SCXW222553774 BCX4\" data-ccp-props=\"{&quot;201341983&quot;:0,&quot;335551550&quot;:2,&quot;335551620&quot;:2,&quot;335559685&quot;:720,&quot;335559740&quot;:259}\">\u00a0<\/span> <\/span><br \/><span style=\"font-size: 14px;\">Albert Einstein<\/span><\/p>\t\t\t\t\t\t<\/div>\n\t\t\t\t<\/div>\n\t\t\t\t<\/div>\n\t\t<div class=\"elementor-element elementor-element-e0eab9b e-con-full e-flex e-con e-child\" data-id=\"e0eab9b\" data-element_type=\"container\">\n\t\t\t\t<div class=\"elementor-element elementor-element-d62c47c elementor-widget elementor-widget-text-editor\" data-id=\"d62c47c\" data-element_type=\"widget\" data-widget_type=\"text-editor.default\">\n\t\t\t\t<div class=\"elementor-widget-container\">\n\t\t\t\t\t\t\t<p style=\"font-weight: 400;\"><span style=\"color: #000000;\"><strong>Il ne s\u2019agit pas de vous donner des ailes, il s\u2019agit de vous permettre d\u2019apprendre \u00e0 vous servir des v\u00f4tres<\/strong>,<\/span><\/p><p style=\"font-weight: 400;\"><span style=\"color: #000000;\">celles qui sont l\u00e0, pr\u00eates \u00e0 se d\u00e9ployer, certaines peuvent \u00eatre insoup\u00e7onn\u00e9es, cach\u00e9es, endormies, et pour autant totalement pr\u00e9sentes.<\/span><\/p><p style=\"font-weight: 400;\"><span style=\"color: #000000;\"><strong>Il s\u2019agit de les faire rena\u00eetre afin qu\u2019elles passent de l\u2019invisible au visible, de la contraction \u00e0 l\u2019expansion<\/strong>.<\/span><\/p><p style=\"font-weight: 400;\"><span style=\"color: #000000;\">Pour prendre ensemble le chemin de votre mieux \u00eatre, je d\u00e9ploie minutieusement l\u2019\u00e9ventail des supports th\u00e9rapeutiques sur lesquels reposent mes connaissances et pratiques. Ces m\u00e9thodes auxquelles je suis form\u00e9e, sont \u00e0 votre service pour vous accompagner sur ce chemin de l\u2019\u00e9quilibre.<\/span><\/p><p style=\"font-weight: 400;\"><span style=\"color: #000000;\">La mani\u00e8re dont je conduis les s\u00e9ances est assez p\u00e9dagogue, afin que vous puissiez gagner en autonomie et lib\u00e9rer votre corps de ses automatismes, tout en activant vos facult\u00e9s d\u2019adaptation.<\/span><\/p><p style=\"font-weight: 400;\"><span style=\"color: #000000;\">Vous l\u2019avez compris, j\u2019aime vous accompagner dans votre qu\u00eate, vous accueillir avec simplicit\u00e9, douceur et bienveillance. Le c\u0153ur ouvert \u00e0 l\u2019initiation, \u00e0 ce qui se d\u00e9voile dans l\u2019instant pr\u00e9sent toujours au service du processus en cours.<\/span><\/p>\t\t\t\t\t\t<\/div>\n\t\t\t\t<\/div>\n\t\t\t\t<\/div>\n\t\t\t\t\t<\/div>\n\t\t\t\t<\/div>\n\t\t\t\t<\/div>\n\t\t","protected":false},"excerpt":{"rendered":"<p>Th\u00e9rapie \u00ab\u202fLa cr\u00e9ativit\u00e9, c\u2019est l\u2019intelligence qui s\u2019amuse\u202f\u00bb\u00a0 Albert Einstein Il ne s\u2019agit pas de vous donner des ailes, il s\u2019agit [&hellip;]<\/p>\n","protected":false},"author":1,"featured_media":0,"parent":0,"menu_order":0,"comment_status":"closed","ping_status":"closed","template":"","meta":{"site-sidebar-layout":"no-sidebar","site-content-layout":"","ast-site-content-layout":"full-width-container","site-content-style":"default","site-sidebar-style":"default","ast-global-header-display":"","ast-banner-title-visibility":"","ast-main-header-display":"","ast-hfb-above-header-display":"","ast-hfb-below-header-display":"","ast-hfb-mobile-header-display":"","site-post-title":"disabled","ast-breadcrumbs-content":"","ast-featured-img":"disabled","footer-sml-layout":"","theme-transparent-header-meta":"","adv-header-id-meta":"","stick-header-meta":"","header-above-stick-meta":"","header-main-stick-meta":"","header-below-stick-meta":"","astra-migrate-meta-layouts":"default","ast-page-background-enabled":"default","ast-page-background-meta":{"desktop":{"background-color":"var(--ast-global-color-4)","background-image":"","background-repeat":"repeat","background-position":"center center","background-size":"auto","background-attachment":"scroll","background-type":"","background-media":"","overlay-type":"","overlay-color":"","overlay-opacity":"","overlay-gradient":""},"tablet":{"background-color":"","background-image":"","background-repeat":"repeat","background-position":"center center","background-size":"auto","background-attachment":"scroll","background-type":"","background-media":"","overlay-type":"","overlay-color":"","overlay-opacity":"","overlay-gradient":""},"mobile":{"background-color":"","background-image":"","background-repeat":"repeat","background-position":"center center","background-size":"auto","background-attachment":"scroll","background-type":"","background-media":"","overlay-type":"","overlay-color":"","overlay-opacity":"","overlay-gradient":""}},"ast-content-background-meta":{"desktop":{"background-color":"var(--ast-global-color-5)","background-image":"","background-repeat":"repeat","background-position":"center center","background-size":"auto","background-attachment":"scroll","background-type":"","background-media":"","overlay-type":"","overlay-color":"","overlay-opacity":"","overlay-gradient":""},"tablet":{"background-color":"var(--ast-global-color-5)","background-image":"","background-repeat":"repeat","background-position":"center center","background-size":"auto","background-attachment":"scroll","background-type":"","background-media":"","overlay-type":"","overlay-color":"","overlay-opacity":"","overlay-gradient":""},"mobile":{"background-color":"var(--ast-global-color-5)","background-image":"","background-repeat":"repeat","background-position":"center center","background-size":"auto","background-attachment":"scroll","background-type":"","background-media":"","overlay-type":"","overlay-color":"","overlay-opacity":"","overlay-gradient":""}},"footnotes":""},"class_list":["post-182","page","type-page","status-publish","hentry"],"_links":{"self":[{"href":"https:\/\/oselesouffle.com\/index.php\/wp-json\/wp\/v2\/pages\/182","targetHints":{"allow":["GET"]}}],"collection":[{"href":"https:\/\/oselesouffle.com\/index.php\/wp-json\/wp\/v2\/pages"}],"about":[{"href":"https:\/\/oselesouffle.com\/index.php\/wp-json\/wp\/v2\/types\/page"}],"author":[{"embeddable":true,"href":"https:\/\/oselesouffle.com\/index.php\/wp-json\/wp\/v2\/users\/1"}],"replies":[{"embeddable":true,"href":"https:\/\/oselesouffle.com\/index.php\/wp-json\/wp\/v2\/comments?post=182"}],"version-history":[{"count":18,"href":"https:\/\/oselesouffle.com\/index.php\/wp-json\/wp\/v2\/pages\/182\/revisions"}],"predecessor-version":[{"id":363,"href":"https:\/\/oselesouffle.com\/index.php\/wp-json\/wp\/v2\/pages\/182\/revisions\/363"}],"wp:attachment":[{"href":"https:\/\/oselesouffle.com\/index.php\/wp-json\/wp\/v2\/media?parent=182"}],"curies":[{"name":"wp","href":"https:\/\/api.w.org\/{rel}","templated":true}]}}